l - 207. Let o be h(3). Let g(k) = -k**2 + 36*k - 174. What is g(o)?
6
Let f(c) = c**2 - 12*c + 26. Let b be f(8). Let r(z) = z - 2. Let v(u) = -6*u + 3 + 2 + 5. Let a(w) = -11*r(w) - 2*v(w). Give a(b).
-4
Let f(i) = 3 + 4*i + 106*i**2 + 105*i**2 - 212*i**2. Let s(q) = 8*q**2 - 5*q**2 + 4 - 11*q - 2*q**2. Let g be s(11). Calculate f(g).
3
Let n be (-40)/1*-2*4/16. Let d be (n/(-6))/((-30)/45). Let m(x) = 0 + 4*x + 6 - d*x + x**2 - 5. Give m(1).
1
Let a(c) = -c**3 - 8*c**2 - 8*c - 12. Let o = 6815 - 6821. What is a(o)?
-36
Let y(c) = 23*c**2 - 123*c + 13. Let l(o) = 5*o**2 - 25*o + 2. Let h(s) = -14*l(s) + 3*y(s). What is h(-19)?
11
Let r(w) = 22*w**2 - 16*w - 8. Let t(y) = -3*y**2 + y. Let f(q) = r(q) + 8*t(q). What is f(-7)?
-50
Let x(p) = -p**2 + 6*p + 3. Let d be x(6). Let t(l) be the second derivative of 100*l - l**2 - 1/20*l**5 + 0 + 1/3*l**4 - 1/3*l**3. What is t(d)?
1
Suppose -406 = 18004*m - 17975*m. Let a(g) = g**3 + 15*g**2 + 4*g - 33. Give a(m).
107
Let i(b) = -11*b**3 - b**2 + 2*b - 2. Suppose -10*k + 797 = 47. Suppose -72*u - 3 = -k*u. Give i(u).
-12
Let z be -1 + 0 + (0/(-2) - -239). Let p be (((-3)/2)/3)/((-7)/z). Let f(i) = -9*i + 29. Let o(k) = -3*k + 10. Let n(s) = p*o(s) - 6*f(s). Calculate n(4).
8
Suppose -5*l + 17 - 62 = 0. Let f(q) be the first derivative of -q**2/2 - 13*q + 319. Calculate f(l).
-4
Suppose -c = -0*z - 2*z - 17, -2*c - 5*z + 43 = 0. Let u = 18 - c. Let j(k) = -4*k**2 + k + 1. Give j(u).
-4
Let v(t) be the second derivative of t**4/4 - 2*t**3/3 - 1233*t. Determine v(-4).
64
Let t(g) = 2*g**2 - 3*g + 4. Let l = 153 + -149. Let a(b) = 3*b**2 - 4*b + 5. Let x(v) = l*t(v) - 3*a(v). Calculate x(-2).
-3
Suppose -9*w + 1603 = 1531. Let r(g) = -g**2 + 8*g - 3. What is r(w)?
-3
Suppose -10*w - 21*w = 199 - 44. Let g(i) = -i**3 - 5*i**2 + 2*i - 7. Give g(w).
-17
Suppose 0 = r - 0 - 3, 5*i - 19 = -3*r. Suppose -15*d + 272 - 227 = 0. Let n(t) = -d*t + t - i*t + 6*t. Give n(-2).
-4
Let n(f) = -76 + 1293*f - 4*f**2 - 1264*f + 3*f**2 - 28 - 58. Give n(22).
-8
Let z(u) = -7*u + 29. Let v be (17/(-4))/(((-60)/16)/15). Determine z(v).
-90
Let o(m) = -7*m**2 + 37*m - 129. Let x(y) = 6*y**2 - 35*y + 129. Let h(u) = -5*o(u) - 6*x(u). Let b be h(8). Let c(w) = -3*w**2 + 20*w + 9. What is c(b)?
2
Suppose 0 = -1079*o + 1051*o + 252. Let y(p) = 2*p - 4*p - 3 + 0. Determine y(o).
-21
Let a(h) = -h**3 + 10*h**2 + 67*h + 128. Let z be a(15). Let j(w) = -32*w + 254. Determine j(z).
-2
Let j(t) be the second derivative of -t**5/20 + 3*t**4/4 - 7*t**3/3 + 3*t**2 - 292*t + 2. Give j(8).
-42
Let p(f) = 2*f + 4. Let a(q) = -q**3 - 7*q**2 - q - 10. Suppose -5*b + 16 = 4*u - 2*b, -u = -2*b - 15. Suppose -8*v - 7 = -u*v. Let o be a(v). Calculate p(o).
-2
Suppose -4*z = 2*p - 16, z - 6*z + 25 = 5*p. Let h be ((-2)/4)/(17/(-34)) - z. Let i(g) = g + 3. Determine i(h).
1
Suppose -4*l + 10 = l. Let a be l/1 - (-7 - -1). Let o(p) = p**2 + 1 + 48*p - 33*p - 2 - 22*p. Give o(a).
7
Let g(z) = 2*z**2 - 3*z + 7. Let s(t) = t**2 - 19*t + 80. Let o be s(13). Let b(m) = 1. Let l(i) = o*b(i) - g(i). What is l(4)?
-25
Let f(c) = c**2 - c + 7. Suppose -2*p - 4*i = 3 + 1, 6 = -2*i. Suppose 3*x - k = 4, -3*x + p*x - 4 = k. Calculate f(x).
7
Suppose 5*k - 2*t - 34 = 0, 5*t + 377 = -k + 427. Let m(j) = -j**2 + 14*j - 8. What is m(k)?
32
Let b(p) be the second derivative of -p**5/10 + p**4/8 - p**3/6 + 127*p**2/2 + 7*p - 20. Let x(a) be the first derivative of b(a). Give x(2).
-19
Let g(w) = 11*w - 8 + 31*w**2 + 35*w**2 - w**3 - 5 - 56*w**2. Calculate g(11).
-13
Let t(u) = -3*u**3 - 109*u**2 + 74*u - 15. Let z be t(-37). Let h(n) = n**3 + 14*n**2 - 8*n + 107. Give h(z).
2
Let j(g) = -4*g**3 + 5*g - 5. Let n(q) = 4*q - 5*q**3 - q - q**2 - 6 + 0*q + 3*q. Let v(r) = 4*j(r) - 3*n(r). Calculate v(-2).
14
Let y(b) be the third derivative of -7*b**6/60 - b**5/60 + 4*b**2 + 1. Let n = 23 - 19. Suppose 0*r + 4*r + 14 = 5*z, -n*z + 3 = 5*r. What is y(r)?
13
Suppose -3*m + 17*m = 0. Suppose 14*h = -m*h - 126. Let l(n) = -n - 8. Calculate l(h).
1
Let j be (-52)/(-16) + -3 - (-39)/(-12). Let r be (-2)/(-5) + 12/20 + j. Let u(c) = -4*c**2 - 3*c - 2. Give u(r).
-12
Let m(i) = -1. Let t(p) = 2*p + 10. Let s(a) = -m(a) - t(a). Suppose -225 + 255 = 6*l. Suppose 0 = l*q - 10, q = -k - 6 + 2. Determine s(k).
3
Let f = 2612 + -2617. Let s(z) = -4*z**2 - 9*z + 4. What is s(f)?
-51
Let l(j) = j**3 - 3*j**2 - j + 2. Let w(i) = -i**2 + 5*i + 14. Let u(q) = q**2 - 7*q - 15. Let s(y) = -6*u(y) - 5*w(y). Let k be s(18). Give l(k).
-4
Suppose -68*z = -22*z - 46. Let y(d) = 21*d - 12. Give y(z).
9
Let i be 146/4 - (-684)/(-152). Let d(c) = -4*c + 121. Determine d(i).
-7
Let m(f) = -2*f**2 + 64*f + 11. Let v(i) = -2*i**2 + 81*i + 15. Let t(d) = -3*m(d) + 2*v(d). Calculate t(15).
-3
Let v(c) = -4*c**3 - 2*c + 3. Let f(g) = g**2 + 65*g**3 + 69*g**3 + 70*g**3 - 203*g**3 - 1. Let a(o) = -5*f(o) - v(o). Give a(-5).
-8
Let s = -13 - -16. Let f(o) = -4*o**2 + 7154 - 7153 + o**3 + 2*o + 2*o. What is f(s)?
4
Suppose -9*i + 8*i + 377 = -3*u, 4*u + 3*i = -481. Let y = u - -106. Let f be (0 - 68/y) + (-22)/(-99). Let o(g) = g**2 + 2. What is o(f)?
18
Suppose -223 = 13*r - 158. Let c(m) = 367*m**2 - 11*m - 10 - 368*m**2 + 3*m. Determine c(r).
5
Let n(o) = -o - 1. Let s(z) = z**2 + 25*z + 8. Let r(j) = -2*n(j) - s(j). Determine r(-22).
16
Let x = -16850 - -16840. Let q(g) = g**2 + 36*g + 267. Give q(x).
7
Let l(s) = -9*s**2 + 7*s. Let h(g) = -16*g**2 + 13*g - 1. Let m(a) = -4*h(a) + 7*l(a). What is m(6)?
22
Let p(a) = -7*a - 19. Let d(s) = 11*s + 27. Let r(q) = 21*q + 52. Let z(b) = -5*d(b) + 3*r(b). Let h(f) = -4*p(f) - 3*z(f). Give h(-9).
-23
Let n be 784/(-3528) - (-61)/(-9)*1. Let r(b) = b**2 + 10*b + 32. Calculate r(n).
11
Let d(b) = 3*b - 21. Let z(n) = -21*n + 156. Let m be z(8). Determine d(m).
-57
Suppose 0 = 11*f + 4039 - 684. Let y = f - -301. Let t(w) = w**2 - 2*w + 3. Give t(y).
27
Suppose 0 = -4*o - 21 + 65. Let v = 280 + -270. Let u(h) = 26*h - v*h - o*h - 7*h. Give u(-1).
2
Let q(n) = -n**3 + 6*n**2 - 11*n + 32. Let v be q(5). Let d(h) = h**2 + h - 13271 + 13270 - v*h. What is d(-3)?
11
Let d(n) be the third derivative of -13/6*n**3 + 70*n**2 + 0 + 0*n - 1/12*n**4. Give d(-4).
-5
Let b(i) = -i**2 + 17*i - 22. Let j = -4145 + 4162. Give b(j).
-22
Let m = 3199 + -3193. Let r(a) be the first derivative of -a**2/2 + 7*a - 7. Give r(m).
1
Let v(f) = -5*f**2 + 4*f - 1. Suppose -99*q = -7*q - 184. Determine v(q).
-13
Let t = 4402 - 4399. Let a(p) be the first derivative of p**3/3 + p**2/2 + p + 2. Give a(t).
13
Let f(i) = 37*i - 49. Let n be 54/(-12)*(17 - (-636)/(-36)). Calculate f(n).
62
Suppose -32*k - 840 = -42*k + 94*k. Let b(z) = 29*z + 282. Give b(k).
-8
Let y = -11216 + 11186. Let u(w) = -w**3 - 29*w**2 + 30*w - 3. What is u(y)?
-3
Let c be 65/455*(5 - -2). Let p(t) = -17*t**2 + 2*t - 2. Determine p(c).
-17
Let f(j) be the first derivative of -1/6*j**3 + 19 - j**2 - 7*j. Let a(z) be the first derivative of f(z). Give a(4).
-6
Let f = 48 - 41. Let i be f + -4 - (0 + -1). Let j(a) = -29 + 0*a**2 - 2*a + i*a**2 + 2*a**2 + 28. Give j(-1).
7
Let z be 2/(-7) + (-47)/7. Let s(k) = 38*k**2 - 35*k + 99. Let n(v) = -35*v**2 + 33*v - 92. Let c(f) = -13*n(f) - 12*s(f). Determine c(z).
22
Suppose -3*k - d - 77 = 0, 0 = -16*k + 13*k - 4*d - 92. Let a(v) = 5*v + 125. Calculate a(k).
5
Let u(w) = 6*w**2 - 9*w + 108. Let p be u(9). Let c = 520 - p. Let t(m) = m**3 - 6*m**2 - 6*m + 2. Give t(c).
9
Let h(i) = -86*i + 149*i - 70*i + 11. Let g be h(1). Let n(z) = z**3 - 5*z**2 + 6*z - 6. Determine n(g).
2
Let q(s) = -s**3 - 6*s**2 + 2*s - 13. Let y = -1177 + 1171. What is q(y)?
-25
Let m(p) be the first derivative of -10*p**2 + 183*p + 2849. What is m(9)?
3
Let f(z) = -z**3 + 28*z**2 + 61*z - 9. Let m be 5*(-3)/9*1*(-18 + 0). Give f(m).
21
Let m(x) = -120 + x**3 - 8*x**2 + 125 + 5*x - 16*x. Determine m(9).
-13
Let w(j) = 10*j**2 + 3*j**2 + 22*j - 45 + 0*j**2 - 9*j**2 - 3*j**2. Determine w(-24).
3
Let q(o) = -o**2 + 6*o - 23. Suppose -2*b - 3*v + 3 + 5 = 0, -5*v - 20 = -5*b. Determine q(b).
-15
Let r = -36 + 41. Let p be (-2 - r) + 1 + 1. Let m(o) be the third derivative of -o**6/120 - o**5/15 + o**4/3 + 5*o**3/6 - 34*o**2. Calculate m(p).
-10
Let z(a) = 39*a - 36. Let y be z(1). Let x(g) = -g**3 + 4*g**2 + 5